on factor of 3632 and 80.
16
What is the highest common factor of 228 and 53352?
228
Calculate the greatest common divisor of 350949 and 786.
393
Calculate the highest common factor of 59679 and 1026.
171
Calculate the highest common factor of 1932 and 22008.
84
Calculate the highest common divisor of 18 and 12494088.
18
Calculate the highest common divisor of 90 and 60714.
18
Calculate the highest common factor of 189 and 18333.
189
Calculate the highest common divisor of 762 and 4938903.
381
What is the highest common factor of 261988 and 88?
4
What is the highest common factor of 1548 and 666027?
387
Calculate the greatest common factor of 39 and 219873.
3
What is the greatest common factor of 667 and 4393?
23
Calculate the highest common factor of 4144 and 555.
37
What is the greatest common divisor of 60 and 36975?
15
What is the greatest common divisor of 8 and 224872?
8
Calculate the highest common divisor of 7412 and 1598.
34
Calculate the greatest common factor of 3 and 22134.
3
What is the greatest common divisor of 21 and 223167?
21
Calculate the greatest common divisor of 42 and 7832433.
21
What is the greatest common divisor of 602 and 23646?
14
What is the highest common factor of 604712 and 16?
8
What is the greatest common divisor of 50 and 303825?
25
Calculate the greatest common divisor of 2916 and 1049031.
729
What is the greatest common divisor of 162 and 41226?
6
Calculate the greatest common divisor of 28070 and 86.
2
Calculate the greatest common factor of 49561 and 29.
29
What is the highest common divisor of 41528 and 19153?
179
Calculate the greatest common factor of 381 and 20451.
3
What is the highest common factor of 20108 and 4389?
11
Calculate the greatest common divisor of 132538 and 28.
14
What is the greatest common factor of 10745 and 5915?
35
What is the highest common factor of 27165 and 75?
15
Calculate the highest common divisor of 3212 and 1848.
44
Calculate the greatest common factor of 552701 and 2518.
1259
Calculate the highest common factor of 1690 and 290.
10
Calculate the greatest common factor of 60967 and 2501.
41
What is the highest common factor of 68025 and 75?
75
What is the greatest common factor of 440 and 6490?
110
What is the highest common divisor of 5219 and 248670?
307
Calculate the greatest common factor of 90091 and 391.
23
Calculate the highest common divisor of 40 and 1331540.
20
Calculate the greatest common divisor of 2469159 and 3.
3
What is the greatest common divisor of 91 and 18967?
13
What is the greatest common factor of 1276672 and 896?
128
Calculate the highest common factor of 15 and 373755.
15
What is the highest common factor of 59 and 152?
1
Calculate the highest common factor of 29219 and 6227.
479
What is the greatest common divisor of 2890 and 216240?
170
What is the highest common divisor of 20050 and 450?
50
Calculate the highest common divisor of 6225 and 55.
5
What is the greatest common factor of 224 and 19348?
28
What is the greatest common divisor of 1655 and 98638?
331
Calculate the highest common factor of 49970 and 80.
10
Calculate the highest common factor of 3036 and 1308.
12
Calculate the greatest common factor of 1220 and 820.
20
What is the highest common divisor of 287584 and 152736?
1376
Calculate the highest common divisor of 576 and 39756.
12
Calculate the greatest common divisor of 84 and 3767358.
42
What is the highest common factor of 20498 and 222?
74
What is the greatest common factor of 101625 and 1250?
125
Calculate the highest common divisor of 34347 and 642.
321
Calculate the greatest common factor of 144580 and 320.
20
What is the highest common divisor of 552128 and 320?
64
Calculate the greatest common factor of 1824 and 356136.
456
What is the greatest common divisor of 175712 and 7106?
646
Calculate the highest common divisor of 504 and 731232.
72
What is the highest common factor of 175536 and 115?
23
Calculate the greatest common divisor of 455027 and 194.
97
Calculate the highest common divisor of 1287 and 86658.
429
What is the greatest common factor of 465 and 2696070?
465
What is the greatest common divisor of 226394 and 7?
7
What is the highest common divisor of 1556442 and 513?
513
Calculate the highest common factor of 10780 and 1603140.
1540
What is the highest common divisor of 4088 and 1400?
56
What is the highest common factor of 2005 and 214936?
401
Calculate the greatest common factor of 856 and 952.
8
What is the highest common divisor of 37099 and 69?
23
What is the highest common factor of 990 and 13343220?
990
Calculate the highest common factor of 94990 and 107870.
1610
What is the highest common divisor of 78027 and 31?
31
Calculate the highest common divisor of 5 and 246965.
5
What is the highest common factor of 22480 and 3934?
562
Calculate the highest common divisor of 18363546 and 53.
53
Calculate the greatest common factor of 11760 and 49840.
560
What is the highest common factor of 70 and 310870?
70
What is the greatest common divisor of 1863639 and 265?
53
Calculate the greatest common divisor of 10674 and 20755.
593
What is the greatest common divisor of 30 and 153285?
15
What is the greatest common factor of 23985 and 36?
9
Calculate the highest common factor of 308 and 240504.
44
What is the highest common divisor of 2553 and 943?
23
Calculate the greatest common factor of 24 and 8122.
2
Calculate the greatest common factor of 73769 and 71.
71
What is the highest common divisor of 294237 and 75?
3
What is the highest common factor of 5310 and 70?
10
Calculate the greatest common divisor of 39108 and 60.
12
What is the highest common divisor of 861 and 20517?
21
Calculate the greatest common factor of 200210 and 410.
10
Calculate the highest common divisor of 513 and 589.
19
What is the greatest common divisor of 1820 and 369040?
140
Calculate the highest common divisor of 5012 and 124047.
1253
What is the greatest common factor of 30618 and 350?
14
What is the highest common divisor of 304714 and 1004?
502
Calculate the highest common factor of 483700 and 420.
140
What is the greatest common divisor of 150 and 120348?
6
What is the greatest common divisor of 12025 and 520?
65
Calculate the highest common divisor of 296210 and 10.
10
What is the highest common factor of 9336 and 21?
3
What is the highest common factor of 217392 and 48?
48
Calculate the greatest common factor of 298 and 831122.
298
Calculate the highest common divisor of 4440 and 495.
15
Calculate the highest common factor of 55 and 108933.
11
Calculate the highest common factor of 50 and 2480.
10
Calculate the greatest common factor of 391809 and 124.
31
Calculate the highest common divisor of 220 and 11946770.
110
What is the highest common factor of 16 and 386416?
16
What is the highest common divisor of 30 and 1802770?
10
What is the highest common factor of 240 and 1215?
15
What is the greatest common factor of 22 and 3363283?
11
Calculate the greatest common factor of 11189 and 67.
67
What is the highest common factor of 51554 and 2249?
173
Calculate the highest common factor of 122034 and 330.
66
Calculate the greatest common factor of 163620 and 24.
12
Calculate the greatest common factor of 2136 and 1752.
24
What is the greatest common factor of 289 and 495295?
17
What is the greatest common divisor of 52766 and 49?
7
Calculate the greatest common factor of 1821746 and 93.
31
Calculate the highest common factor of 66229 and 103.
103
Calculate the highest common factor of 7385 and 1015.
35
Calculate the greatest common factor of 4 and 52494.
2
What is the highest common divisor of 154625 and 375?
125
What is the highest common divisor of 1184 and 640?
32
What is the highest common factor of 30185 and 80?
5
Calculate the highest common factor of 1834975 and 725.
725
What is the highest common divisor of 44040 and 120?
120
What is the highest common divisor of 4233 and 2601?
51
What is the highest common divisor of 55484 and 273?
13
What is the greatest common factor of 15340 and 650?
130
Calculate the greatest common factor of 133 and 70.
7
What is the greatest common factor of 104 and 47996?
52
What is the greatest common divisor of 1241 and 4453?
73
Calculate the highest common factor of 2039103 and 18.
9
Calculate the hig